{"id":7,"date":"2025-06-12T19:08:31","date_gmt":"2025-06-12T19:08:31","guid":{"rendered":"https:\/\/registromarcasantacatarina.com\/?page_id=7"},"modified":"2025-06-13T23:55:24","modified_gmt":"2025-06-13T23:55:24","slug":"elementor-7","status":"publish","type":"page","link":"https:\/\/registrarmarcajoinville.com.br\/","title":{"rendered":"Registro de Marca Santa Catarina"},"content":{"rendered":"\t\t<div data-elementor-type=\"wp-post\" data-elementor-id=\"7\" class=\"elementor elementor-7\" data-elementor-post-type=\"page\">\n\t\t\t\t<div class=\"elementor-element elementor-element-909acf5 e-flex e-con-boxed e-con e-parent\" data-id=\"909acf5\" data-element_type=\"container\" id=\"topo\" data-settings=\"{&quot;background_background&quot;:&quot;classic&quot;}\">\n\t\t\t\t\t<div class=\"e-con-inner\">\n\t\t\t\t<div class=\"elementor-element elementor-element-a2dc003 elementor-widget__width-initial elementor-widget-mobile__width-inherit elementor-hidden-mobile elementor-widget elementor-widget-heading\" data-id=\"a2dc003\" data-element_type=\"widget\" data-widget_type=\"heading.default\">\n\t\t\t\t<div class=\"elementor-widget-container\">\n\t\t\t\t\t<h2 class=\"elementor-heading-title elementor-size-default\">Algu\u00e9m pode registrar o nome da sua marca <span class=\"destaque\">antes de voc\u00ea.<\/span><\/h2>\t\t\t\t<\/div>\n\t\t\t\t<\/div>\n\t\t\t\t<div class=\"elementor-element elementor-element-1f327c8 elementor-widget__width-initial elementor-widget-mobile__width-inherit elementor-hidden-desktop elementor-hidden-laptop elementor-hidden-tablet elementor-widget elementor-widget-heading\" data-id=\"1f327c8\" data-element_type=\"widget\" data-widget_type=\"heading.default\">\n\t\t\t\t<div class=\"elementor-widget-container\">\n\t\t\t\t\t<h2 class=\"elementor-heading-title elementor-size-default\">Algu\u00e9m pode registrar o nome da sua marca <span class=\"destaque2\">antes de voc\u00ea.<\/span><\/h2>\t\t\t\t<\/div>\n\t\t\t\t<\/div>\n\t\t\t\t<div class=\"elementor-element elementor-element-532f79d elementor-widget__width-initial elementor-widget-mobile__width-inherit elementor-widget elementor-widget-heading\" data-id=\"532f79d\" data-element_type=\"widget\" data-widget_type=\"heading.default\">\n\t\t\t\t<div class=\"elementor-widget-container\">\n\t\t\t\t\t<h2 class=\"elementor-heading-title elementor-size-default\">N\u00f3s detestamos burocracia. Por isso nossa oferta \u00e9 fazermos tudo por voc\u00ea, em tempo recorde e o melhor pre\u00e7o do mercado.<\/h2>\t\t\t\t<\/div>\n\t\t\t\t<\/div>\n\t\t\t\t<div class=\"elementor-element elementor-element-b241f52 seu-botao-class elementor-widget elementor-widget-button\" data-id=\"b241f52\" data-element_type=\"widget\" data-widget_type=\"button.default\">\n\t\t\t\t<div class=\"elementor-widget-container\">\n\t\t\t\t\t\t\t\t\t<div class=\"elementor-button-wrapper\">\n\t\t\t\t\t<a class=\"elementor-button elementor-button-link elementor-size-sm\" href=\"https:\/\/wa.me\/5547997646170?text=Ol%C3%A1%2C%20tenho%20interesse%20em%20Registrar%C2%A0minha%C2%A0Marca\" target=\"_blank\">\n\t\t\t\t\t\t<span class=\"elementor-button-content-wrapper\">\n\t\t\t\t\t\t\t\t\t<span class=\"elementor-button-text\">Quero registrar minha marca<\/span>\n\t\t\t\t\t<\/span>\n\t\t\t\t\t<\/a>\n\t\t\t\t<\/div>\n\t\t\t\t\t\t\t\t<\/div>\n\t\t\t\t<\/div>\n\t\t\t\t\t<\/div>\n\t\t\t\t<\/div>\n\t\t<div class=\"elementor-element elementor-element-bf6f4db e-flex e-con-boxed e-con e-parent\" data-id=\"bf6f4db\" data-element_type=\"container\">\n\t\t\t\t\t<div class=\"e-con-inner\">\n\t\t\t\t<div class=\"elementor-element elementor-element-834a122 elementor-widget__width-initial elementor-widget-mobile__width-initial elementor-widget elementor-widget-heading\" data-id=\"834a122\" data-element_type=\"widget\" data-widget_type=\"heading.default\">\n\t\t\t\t<div class=\"elementor-widget-container\">\n\t\t\t\t\t<h2 class=\"elementor-heading-title elementor-size-default\">Por que registrar sua marca com a gente?<\/h2>\t\t\t\t<\/div>\n\t\t\t\t<\/div>\n\t\t<div class=\"elementor-element elementor-element-4ff8ca5 e-con-full e-flex e-con e-child\" data-id=\"4ff8ca5\" data-element_type=\"container\">\n\t\t<div class=\"elementor-element elementor-element-15a4b17 e-con-full e-flex e-con e-child\" data-id=\"15a4b17\" data-element_type=\"container\">\n\t\t<div class=\"elementor-element elementor-element-449de83 e-con-full fit e-flex e-con e-child\" data-id=\"449de83\" data-element_type=\"container\">\n\t\t\t\t<div class=\"elementor-element elementor-element-5371140 elementor-view-default elementor-widget elementor-widget-icon\" data-id=\"5371140\" data-element_type=\"widget\" data-widget_type=\"icon.default\">\n\t\t\t\t<div class=\"elementor-widget-container\">\n\t\t\t\t\t\t\t<div class=\"elementor-icon-wrapper\">\n\t\t\t<div class=\"elementor-icon\">\n\t\t\t<svg xmlns=\"http:\/\/www.w3.org\/2000\/svg\" width=\"60\" height=\"62\" viewBox=\"0 0 60 62\" fill=\"none\"><path d=\"M22.2338 28.0742C21.9511 28.0459 21.6119 28.0459 21.301 28.0742C14.573 27.8481 9.23029 22.3357 9.23029 15.5512C9.23029 8.62544 14.8275 3 21.7815 3C28.7073 3 34.3328 8.62544 34.3328 15.5512C34.3045 22.3357 28.9617 27.8481 22.2338 28.0742Z\" stroke=\"#223777\" stroke-width=\"4.24028\" stroke-linecap=\"round\" stroke-linejoin=\"round\"><\/path><path d=\"M42.7291 8.65369C48.2132 8.65369 52.6231 13.0918 52.6231 18.5477C52.6231 23.8904 48.3828 28.2438 43.0966 28.4417C42.8705 28.4134 42.6161 28.4134 42.3616 28.4417\" stroke=\"#223777\" stroke-width=\"4.24028\" stroke-linecap=\"round\" stroke-linejoin=\"round\"><\/path><path d=\"M8.09858 38.5052C1.25759 43.0847 1.25759 50.5476 8.09858 55.0989C15.8724 60.3003 28.6215 60.3003 36.3954 55.0989C43.2364 50.5194 43.2364 43.0565 36.3954 38.5052C28.6498 33.3321 15.9007 33.3321 8.09858 38.5052Z\" stroke=\"#223777\" stroke-width=\"4.24028\" stroke-linecap=\"round\" stroke-linejoin=\"round\"><\/path><path d=\"M48.1837 53.8834C50.2191 53.4593 52.1413 52.6396 53.7243 51.424C58.1342 48.1166 58.1342 42.6608 53.7243 39.3533C52.1696 38.1661 50.2756 37.3745 48.2685 36.9222\" stroke=\"#223777\" stroke-width=\"4.24028\" stroke-linecap=\"round\" stroke-linejoin=\"round\"><\/path><\/svg>\t\t\t<\/div>\n\t\t<\/div>\n\t\t\t\t\t\t<\/div>\n\t\t\t\t<\/div>\n\t\t\t\t<div class=\"elementor-element elementor-element-607ab00 elementor-widget__width-initial elementor-widget elementor-widget-heading\" data-id=\"607ab00\" data-element_type=\"widget\" data-widget_type=\"heading.default\">\n\t\t\t\t<div class=\"elementor-widget-container\">\n\t\t\t\t\t<h2 class=\"elementor-heading-title elementor-size-default\">Atendimento humano e especializado<\/h2>\t\t\t\t<\/div>\n\t\t\t\t<\/div>\n\t\t\t\t<\/div>\n\t\t<div class=\"elementor-element elementor-element-19dc051 e-con-full fit e-flex e-con e-child\" data-id=\"19dc051\" data-element_type=\"container\">\n\t\t\t\t<div class=\"elementor-element elementor-element-7386b40 elementor-view-default elementor-widget elementor-widget-icon\" data-id=\"7386b40\" data-element_type=\"widget\" data-widget_type=\"icon.default\">\n\t\t\t\t<div class=\"elementor-widget-container\">\n\t\t\t\t\t\t\t<div class=\"elementor-icon-wrapper\">\n\t\t\t<div class=\"elementor-icon\">\n\t\t\t<svg xmlns=\"http:\/\/www.w3.org\/2000\/svg\" width=\"62\" height=\"62\" viewBox=\"0 0 62 62\" fill=\"none\"><path d=\"M15.432 3H46.54C56.508 3 59 5.492 59 15.432V33.156C59 43.124 56.508 45.588 46.568 45.588H15.432C5.492 45.616 3 43.124 3 33.184V15.432C3 5.492 5.492 3 15.432 3Z\" stroke=\"#223777\" stroke-width=\"4.2\" stroke-linecap=\"round\" stroke-linejoin=\"round\"><\/path><path d=\"M31 45.616V59\" stroke=\"#223777\" stroke-width=\"4.2\" stroke-linecap=\"round\" stroke-linejoin=\"round\"><\/path><path d=\"M3 33.8H59\" stroke=\"#223777\" stroke-width=\"4.2\" stroke-linecap=\"round\" stroke-linejoin=\"round\"><\/path><path d=\"M18.4 59H43.6\" stroke=\"#223777\" stroke-width=\"4.2\" stroke-linecap=\"round\" stroke-linejoin=\"round\"><\/path><\/svg>\t\t\t<\/div>\n\t\t<\/div>\n\t\t\t\t\t\t<\/div>\n\t\t\t\t<\/div>\n\t\t\t\t<div class=\"elementor-element elementor-element-af27138 elementor-widget__width-initial elementor-widget elementor-widget-heading\" data-id=\"af27138\" data-element_type=\"widget\" data-widget_type=\"heading.default\">\n\t\t\t\t<div class=\"elementor-widget-container\">\n\t\t\t\t\t<h2 class=\"elementor-heading-title elementor-size-default\">Processo 100% digital e descomplicado<\/h2>\t\t\t\t<\/div>\n\t\t\t\t<\/div>\n\t\t\t\t<\/div>\n\t\t\t\t<\/div>\n\t\t<div class=\"elementor-element elementor-element-fdd1a48 e-con-full e-flex e-con e-child\" data-id=\"fdd1a48\" data-element_type=\"container\">\n\t\t<div class=\"elementor-element elementor-element-dbd3963 e-con-full fit e-flex e-con e-child\" data-id=\"dbd3963\" data-element_type=\"container\">\n\t\t\t\t<div class=\"elementor-element elementor-element-cf8e55d elementor-view-default elementor-widget elementor-widget-icon\" data-id=\"cf8e55d\" data-element_type=\"widget\" data-widget_type=\"icon.default\">\n\t\t\t\t<div class=\"elementor-widget-container\">\n\t\t\t\t\t\t\t<div class=\"elementor-icon-wrapper\">\n\t\t\t<div class=\"elementor-icon\">\n\t\t\t<svg xmlns=\"http:\/\/www.w3.org\/2000\/svg\" width=\"66\" height=\"57\" viewBox=\"0 0 66 57\" fill=\"none\"><path d=\"M2.99976 17.9999H37.4998\" stroke=\"#223777\" stroke-width=\"4.5\" stroke-miterlimit=\"10\" stroke-linecap=\"round\" stroke-linejoin=\"round\"><\/path><path d=\"M14.9996 42H20.9996\" stroke=\"#223777\" stroke-width=\"4.5\" stroke-miterlimit=\"10\" stroke-linecap=\"round\" stroke-linejoin=\"round\"><\/path><path d=\"M28.4993 42H40.4993\" stroke=\"#223777\" stroke-width=\"4.5\" stroke-miterlimit=\"10\" stroke-linecap=\"round\" stroke-linejoin=\"round\"><\/path><path d=\"M63 25.59V40.83C63 51.36 60.33 54 49.68 54H16.32C5.67 54 3 51.36 3 40.83V16.17C3 5.64 5.67 3 16.32 3H37.5\" stroke=\"#223777\" stroke-width=\"4.5\" stroke-linecap=\"round\" stroke-linejoin=\"round\"><\/path><path d=\"M46.4997 10.5L50.9997 15L62.9997 3\" stroke=\"#223777\" stroke-width=\"4.5\" stroke-linecap=\"round\" stroke-linejoin=\"round\"><\/path><\/svg>\t\t\t<\/div>\n\t\t<\/div>\n\t\t\t\t\t\t<\/div>\n\t\t\t\t<\/div>\n\t\t\t\t<div class=\"elementor-element elementor-element-d5f2538 elementor-widget__width-initial elementor-widget elementor-widget-heading\" data-id=\"d5f2538\" data-element_type=\"widget\" data-widget_type=\"heading.default\">\n\t\t\t\t<div class=\"elementor-widget-container\">\n\t\t\t\t\t<h2 class=\"elementor-heading-title elementor-size-default\">Parcelamento facilitado no boleto e cart\u00e3o<\/h2>\t\t\t\t<\/div>\n\t\t\t\t<\/div>\n\t\t\t\t<\/div>\n\t\t<div class=\"elementor-element elementor-element-fbcd39c e-con-full fit e-flex e-con e-child\" data-id=\"fbcd39c\" data-element_type=\"container\">\n\t\t\t\t<div class=\"elementor-element elementor-element-5f236ae elementor-view-default elementor-widget elementor-widget-icon\" data-id=\"5f236ae\" data-element_type=\"widget\" data-widget_type=\"icon.default\">\n\t\t\t\t<div class=\"elementor-widget-container\">\n\t\t\t\t\t\t\t<div class=\"elementor-icon-wrapper\">\n\t\t\t<div class=\"elementor-icon\">\n\t\t\t<svg xmlns=\"http:\/\/www.w3.org\/2000\/svg\" width=\"61\" height=\"62\" viewBox=\"0 0 61 62\" fill=\"none\"><path d=\"M30.5 59C45.9 59 58.5 46.4 58.5 31C58.5 15.6 45.9 3 30.5 3C15.1 3 2.5 15.6 2.5 31C2.5 46.4 15.1 59 30.5 59Z\" stroke=\"#223777\" stroke-width=\"4.2\" stroke-linecap=\"round\" stroke-linejoin=\"round\"><\/path><path d=\"M18.5999 30.9997L26.5239 38.9237L42.3999 23.0757\" stroke=\"#223777\" stroke-width=\"4.2\" stroke-linecap=\"round\" stroke-linejoin=\"round\"><\/path><\/svg>\t\t\t<\/div>\n\t\t<\/div>\n\t\t\t\t\t\t<\/div>\n\t\t\t\t<\/div>\n\t\t\t\t<div class=\"elementor-element elementor-element-15c8996 elementor-widget__width-initial elementor-widget-mobile__width-initial elementor-widget elementor-widget-heading\" data-id=\"15c8996\" data-element_type=\"widget\" data-widget_type=\"heading.default\">\n\t\t\t\t<div class=\"elementor-widget-container\">\n\t\t\t\t\t<h2 class=\"elementor-heading-title elementor-size-default\">Alta taxa de aprova\u00e7\u00e3o no INPI<\/h2>\t\t\t\t<\/div>\n\t\t\t\t<\/div>\n\t\t\t\t<\/div>\n\t\t\t\t<\/div>\n\t\t\t\t<\/div>\n\t\t<div class=\"elementor-element elementor-element-2be1333 e-con-full fit e-flex e-con e-child\" data-id=\"2be1333\" data-element_type=\"container\">\n\t\t\t\t<div class=\"elementor-element elementor-element-e5c0954 elementor-widget__width-initial elementor-widget-mobile__width-initial elementor-widget elementor-widget-heading\" data-id=\"e5c0954\" data-element_type=\"widget\" data-widget_type=\"heading.default\">\n\t\t\t\t<div class=\"elementor-widget-container\">\n\t\t\t\t\t<h2 class=\"elementor-heading-title elementor-size-default\">Acompanhamos seu processo at\u00e9 a concess\u00e3o completa.<\/h2>\t\t\t\t<\/div>\n\t\t\t\t<\/div>\n\t\t\t\t<div class=\"elementor-element elementor-element-dc55390 seu-botao-class elementor-widget elementor-widget-button\" data-id=\"dc55390\" data-element_type=\"widget\" data-widget_type=\"button.default\">\n\t\t\t\t<div class=\"elementor-widget-container\">\n\t\t\t\t\t\t\t\t\t<div class=\"elementor-button-wrapper\">\n\t\t\t\t\t<a class=\"elementor-button elementor-button-link elementor-size-sm\" href=\"https:\/\/wa.me\/5547997646170?text=Ol%C3%A1%2C%20tenho%20interesse%20em%20Registrar%C2%A0minha%C2%A0Marca\">\n\t\t\t\t\t\t<span class=\"elementor-button-content-wrapper\">\n\t\t\t\t\t\t\t\t\t<span class=\"elementor-button-text\">Fale com um consultor agora mesmo<\/span>\n\t\t\t\t\t<\/span>\n\t\t\t\t\t<\/a>\n\t\t\t\t<\/div>\n\t\t\t\t\t\t\t\t<\/div>\n\t\t\t\t<\/div>\n\t\t\t\t<\/div>\n\t\t\t\t\t<\/div>\n\t\t\t\t<\/div>\n\t\t<div class=\"elementor-element elementor-element-93a41a8 e-flex e-con-boxed e-con e-parent\" data-id=\"93a41a8\" data-element_type=\"container\" data-settings=\"{&quot;background_background&quot;:&quot;classic&quot;}\">\n\t\t\t\t\t<div class=\"e-con-inner\">\n\t\t\t\t<div class=\"elementor-element elementor-element-6399353 elementor-widget elementor-widget-heading\" data-id=\"6399353\" data-element_type=\"widget\" data-widget_type=\"heading.default\">\n\t\t\t\t<div class=\"elementor-widget-container\">\n\t\t\t\t\t<h2 class=\"elementor-heading-title elementor-size-default\">\u00a9 Copyright 2025. Todos os direitos reservados.<\/h2>\t\t\t\t<\/div>\n\t\t\t\t<\/div>\n\t\t\t\t<div class=\"elementor-element elementor-element-51edd08 elementor-icon-list--layout-traditional elementor-list-item-link-full_width elementor-widget elementor-widget-icon-list\" data-id=\"51edd08\" data-element_type=\"widget\" data-widget_type=\"icon-list.default\">\n\t\t\t\t<div class=\"elementor-widget-container\">\n\t\t\t\t\t\t\t<ul class=\"elementor-icon-list-items\">\n\t\t\t\t\t\t\t<li class=\"elementor-icon-list-item\">\n\t\t\t\t\t\t\t\t\t\t\t<a href=\"#topo\">\n\n\t\t\t\t\t\t\t\t\t\t\t\t<span class=\"elementor-icon-list-icon\">\n\t\t\t\t\t\t\t<svg xmlns=\"http:\/\/www.w3.org\/2000\/svg\" width=\"42\" height=\"41\" viewBox=\"0 0 42 41\" fill=\"none\"><rect x=\"1.58218\" y=\"1.14737\" width=\"39.8136\" height=\"39.1853\" rx=\"6.64568\" stroke=\"white\" stroke-width=\"1.2083\"><\/rect><path d=\"M21.4888 14.8022V26.6788\" stroke=\"white\" stroke-width=\"1.81246\" stroke-linecap=\"round\" stroke-linejoin=\"round\"><\/path><path d=\"M15.4462 20.8439L21.4889 14.8011L27.5316 20.8439\" stroke=\"white\" stroke-width=\"1.81246\" stroke-linecap=\"round\" stroke-linejoin=\"round\"><\/path><\/svg>\t\t\t\t\t\t<\/span>\n\t\t\t\t\t\t\t\t\t\t<span class=\"elementor-icon-list-text\">Voltar ao Topo<\/span>\n\t\t\t\t\t\t\t\t\t\t\t<\/a>\n\t\t\t\t\t\t\t\t\t<\/li>\n\t\t\t\t\t\t<\/ul>\n\t\t\t\t\t\t<\/div>\n\t\t\t\t<\/div>\n\t\t\t\t\t<\/div>\n\t\t\t\t<\/div>\n\t\t\t\t<\/div>\n\t\t","protected":false},"excerpt":{"rendered":"<p>Algu\u00e9m pode registrar o nome da sua marca antes de voc\u00ea. Algu\u00e9m pode registrar o nome da sua marca antes de voc\u00ea. N\u00f3s detestamos burocracia. Por isso nossa oferta \u00e9 fazermos tudo por voc\u00ea, em tempo recorde e o melhor pre\u00e7o do mercado. Quero registrar minha marca Por que registrar sua marca com a gente? [&hellip;]<\/p>\n","protected":false},"author":1,"featured_media":0,"parent":0,"menu_order":0,"comment_status":"closed","ping_status":"closed","template":"elementor_canvas","meta":{"footnotes":""},"class_list":["post-7","page","type-page","status-publish","hentry"],"_links":{"self":[{"href":"https:\/\/registrarmarcajoinville.com.br\/index.php?rest_route=\/wp\/v2\/pages\/7","targetHints":{"allow":["GET"]}}],"collection":[{"href":"https:\/\/registrarmarcajoinville.com.br\/index.php?rest_route=\/wp\/v2\/pages"}],"about":[{"href":"https:\/\/registrarmarcajoinville.com.br\/index.php?rest_route=\/wp\/v2\/types\/page"}],"author":[{"embeddable":true,"href":"https:\/\/registrarmarcajoinville.com.br\/index.php?rest_route=\/wp\/v2\/users\/1"}],"replies":[{"embeddable":true,"href":"https:\/\/registrarmarcajoinville.com.br\/index.php?rest_route=%2Fwp%2Fv2%2Fcomments&post=7"}],"version-history":[{"count":211,"href":"https:\/\/registrarmarcajoinville.com.br\/index.php?rest_route=\/wp\/v2\/pages\/7\/revisions"}],"predecessor-version":[{"id":286,"href":"https:\/\/registrarmarcajoinville.com.br\/index.php?rest_route=\/wp\/v2\/pages\/7\/revisions\/286"}],"wp:attachment":[{"href":"https:\/\/registrarmarcajoinville.com.br\/index.php?rest_route=%2Fwp%2Fv2%2Fmedia&parent=7"}],"curies":[{"name":"wp","href":"https:\/\/api.w.org\/{rel}","templated":true}]}}